221 - 2?
202120210212
In base 7, what is 334656 - -1?
334660
In base 8, what is 275 - -730?
1225
In base 9, what is 5 + 15423?
15428
In base 9, what is -174 + -8?
-183
In base 6, what is 13311 + 2011?
15322
In base 2, what is 1010001111 - -11011001101?
100101011100
In base 6, what is 34 + -2053?
-2015
In base 15, what is -819 + -14?
-82d
In base 5, what is 414 - 1222?
-303
In base 3, what is -11021 + -11211120?
-11222211
In base 10, what is 1218 + 413?
1631
In base 13, what is -2306 + -2a8?
-25b1
In base 6, what is -2131243 + -4?
-2131251
In base 16, what is 5 - 3d61?
-3d5c
In base 6, what is -3 + 4402?
4355
In base 5, what is -1210443 + 2?
-1210441
In base 15, what is -1 + 3b4?
3b3
In base 10, what is 106 + -737?
-631
In base 5, what is 10 - -43441444?
43442004
In base 8, what is -221025 - -21?
-221004
In base 16, what is 4f7 - -64?
55b
In base 5, what is 24 + 112122?
112201
In base 15, what is 57e0 - 1?
57de
In base 8, what is 560 + 1316?
2076
In base 7, what is 1505 + -1103?
402
In base 2, what is 101011001 + 110110100101?
111011111110
In base 2, what is -101111 - -11010001010010?
11010000100011
In base 8, what is -333 - -477?
144
In base 5, what is 4 - -23330333?
23330342
In base 10, what is -1144 - -172?
-972
In base 8, what is -120467 - 4?
-120473
In base 7, what is 164162 - -1?
164163
In base 5, what is -11434001 - 0?
-11434001
In base 8, what is -175 - -6126?
5731
In base 7, what is -45504154 - 3?
-45504160
In base 15, what is -394e1 + -13?
-39504
In base 12, what is -36bb + -264?
-3963
In base 13, what is 8c81 + -6?
8c78
In base 4, what is 1130020021 - -20?
1130020101
In base 8, what is -2 + -350334?
-350336
In base 16, what is 2c5 + -57d?
-2b8
In base 11, what is -2 + 30a965?
30a963
In base 14, what is -7b95 - -d5?
-7aa0
In base 11, what is -1a694 - 2?
-1a696
In base 8, what is 55 - -12300?
12355
In base 16, what is 9 + -5a06?
-59fd
In base 16, what is -2e958 + 0?
-2e958
In base 5, what is -101 + -13410?
-14011
In base 12, what is -bb98 + -17?
-bbb3
In base 13, what is -2a - -3425?
33c8
In base 3, what is 0 - -120000221120?
120000221120
In base 12, what is -5 + -6994?
-6999
In base 13, what is 3 - -6b77?
6b7a
In base 11, what is -15aa5 - -1?
-15aa4
In base 11, what is a323 - 6?
a318
In base 14, what is 70 - -4710?
4780
In base 7, what is 2 + -2445633?
-2445631
In base 14, what is 37015 + -7?
3700c
In base 16, what is 3 - -3308f?
33092
In base 2, what is -1 + 111001100001100011?
111001100001100010
In base 12, what is -254 - -13?
-241
In base 8, what is -73673 - -5?
-73666
In base 14, what is -56 + 9da?
984
In base 11, what is -1 + 13230?
1322a
In base 6, what is 4 - -12142?
12150
In base 6, what is 5 + 143235?
143244
In base 15, what is 2 + -108e9?
-108e7
In base 6, what is 4 + 3141450?
3141454
In base 4, what is -2112 + -12101?
-20213
In base 5, what is -121 + -2102111?
-2102232
In base 2, what is 101110011010110 - -1?
101110011010111
In base 13, what is 3688 - -30?
36b8
In base 8, what is 271 - 2526?
-2235
In base 10, what is 145 + -88?
57
In base 16, what is b - -dda3?
ddae
In base 6, what is 2531455 + 34?
2531533
In base 12, what is -18 + 2b293?
2b277
In base 13, what is 40b + -1628?
-121a
In base 5, what is -241 - 231432?
-232223
In base 15, what is -a + -40334?
-4033e
In base 16, what is -d29 - 3f?
-d68
In base 8, what is 234 - -34?
270
In base 4, what is -201 - 223010?
-223211
In base 7, what is -10 + -113152?
-113162
In base 15, what is -6b - 120?
-18b
In base 12, what is 3 - 527aa?
-527a7
In base 2, what is 1000 + -1011101101110?
-1011101100110
In base 7, what is 4422 - 214?
4205
In base 3, what is -21 - 1121222202?
-1122000000
In base 3, what is -1212000121 - 1?
-1212000122
In base 11, what is -5 - -693775?
693770
In base 7, what is -45 - 1133?
-1211
In base 2, what is -10101110101101 - 100?
-10101110110001
In base 16, what is -7 - 26cf?
-26d6
In base 7, what is 3015321 + 1?
3015322
In base 15, what is -2b + -249?
-275
In base 9, what is 4 - 2382631?
-2382626
In base 9, what is -10 - -1837?
1827
In base 14, what is 469 - 19b?
2ac
In base 5, what is 10 - -203334343?
203334403
In base 5, what is -1014 - -202123?
201104
In base 11, what is 3 - a485?
-a482
In base 15, what is 5 + 5b36?
5b3b
In base 7, what is 0 + 3014022?
3014022
In base 12, what is -4 - 321b?
-3223
In base 3, what is 11011020220 - 112?
11011020101
In base 2, what is -1001 - 1010101111001?
-1010110000010
In base 13, what is -1433 - 19?
-144c
In base 8, what is -377 + 453?
54
In base 4, what is 1201211 + 223?
1202100
In base 3, what is 22220 + 2012?
102002
In base 5, what is 333 - 114213?
-113330
In base 4, what is -2310 + 3021?
111
In base 3, what is 112222102020 - -12?
112222102102
In base 15, what is -3 + 5158?
5155
In base 4, what is -303100023 - -23?
-303100000
In base 5, what is -113 + -210120?
-210233
In base 11, what is -40a8 - 18?
-4115
In base 12, what is 1539 - 331?
1208
In base 4, what is -110302102 + -123?
-110302231
In base 5, what is -22100403 - -10?
-22100343
In base 9, what is 355413 - 0?
355413
In base 16, what is 19dc - -7?
19e3
In base 15, what is -283ea + 4?
-283e6
In base 11, what is 52458 + 4?
52461
In base 13, what is b2a9 + 55?
b331
In base 2, what is 1010000000 + 100111011?
1110111011
In base 3, what is 12 + 220011101111?
220011101200
In base 12, what is 1 + 565b0?
565b1
In base 15, what is 69 - -19ae?
1a28
In base 12, what is -541 - -23?
-51a
In base 3, what is 1221200021011 - 0?
1221200021011
In base 8, what is 63 + -1071?
-1006
In base 2, what is 11110010001100101001100 + 0?
11110010001100101001100
In base 13, what is -48bc3 - 5?
-48bc8
In base 4, what is 1 + 2131023233?
2131023300
In base 8, what is 142640 - -16?
142656
In base 16, what is 151 + 23e?
38f
In base 11, what is 37 - 8a5?
-869
In base 6, what is -51203015 + 0?
-51203015
In base 7, what is 64 + 43?
140
In base 12, what is -5 + -626a?
-6273
In base 9, what is -800 - 268?
-1168
In base 10, what is 5 - 13874?
-13869
In base 15, what is 18196 - -a?
181a1
In base 10, what is 25 - -1209?
1234
In base 3, what is 21 + -2102201000?
-2102200202
In base 10, what is 3 + 42651?
42654
In base 14, what is -8d + 401?
352
In base 16, what is c - -5191?
519d
In base 8, what is 65543 - 3?
65540
In base 11, what is -60 - -1a5a?
19aa
In base 12, what is 90b1 + -13?
909a
In base 10, what is -184 - 10359?
-10543
In base 4, what is -3 + 2320032?
2320023
In base 14, what is -5 + 13a844?
13a83d
In base 5, what is 2 + -12134220?
-12134213
In base 13, what is -4 - -1532a?
15326
In base 9, what is -4 + 11676?
11672
In base 16, what is 3 - 2be41?
-2be3e
In base 5, what is -213040 + -2?
-213042
In base 4, what is -323 + 33032223?
33031300
In base 9, what is -5151 + 46?
-5104
In base 13, what is -40 + 5c?
1c
In base 9, what is 386 + -663?
-266
In base 4, what is 10122012 - -1222?
10123300
In base 3, what is 202 - -120000?
120202
In base 4, what is -1 + -131031302?
-131031303
In base 2, what is -11000001010 - -11111?
-10111101011
In base 7, what is -1232556 + -4?
-1232563
In base 16, what is -10 + 2fd9e?
2fd8e
In base 11, what is 2783 + 66?
2839
In base 6, what is -303 + 4501?
4154
In base 14, what is a4 - -20b6?
217a
In base 5, what is 204 - 1100101?
-1044342
In base 9, what is 3420 + 21?
3441
In base 13, what is -213b + 76?
-2095
In base 15, what is -727 + -6?
-72d
In base 8, what is -13 + -36577?
-36612
In base 5, what is 324140 + -1?
324134
In base 13, what is -1 + 34388?
34387
In base 4, what is 3 - 311200232?
-311200223
In base 3, what is -1020122110200 - -102?
-1020122110021
In base 7, what is 505 - -11605?
12413
In base 6, what is -13 - 21233?
-21250
In base 11, what is 439 - -665?
aa3
In base 12, what is 4 + -47638?
-47634
In base 2, what is -10000011111 + 1001110111?
-110101000
In base 6, what is 15404441 + -4?
15404433
In base 3, what is -102201 + -1121?
-111022
In base 11, what is 21494 + -4?
21490
In base 6, what is -43 + -4444?
-4531
In base 3, what is 10 - 1011112122102?
-1011112122022
In base 13, what is -33148 - -2?
-33146
In base 9, what is -55226 - 46?
-55273
In base 5, what is -13341121 - -2?
-13341114
In base 5, what is 1 + -1002?
-1001
In base 14, what is 43caa - 5?
43ca5
In base 5, what is -4 + 1034120?
1034111
In base 6, what is 2510 + -111?
2355
In base 15, what is -6a1 + -41